r = 3*m + 5*h - 368, -480 = -5*m - 5*h. Calculate the remainder when m is divided by 34.
29
Let s = 4839 - 1727. Suppose -x = 3*x - s. Suppose -1884 + x = -7*k. What is the remainder when k is divided by 32?
30
Let a be 68/(-24) - 4/24. Let b be (a + -21)*((-32)/(-12) + -3). Suppose -31 = -3*m - i, 2*i + b + 10 = 2*m. What is the remainder when 19 is divided by m?
9
Calculate the remainder when 4283 is divided by -21 - (-39)/(-52)*-56.
20
Suppose 4*t - 163 = -3*s, 0 = 8*s - 3*s - 5*t - 225. Let i(w) = w**3 - 49*w**2 - w + 53. Calculate the remainder when 22 is divided by i(s).
2
Let j = 77 - 33. What is the remainder when 132/(-10)*240/576*-18 is divided by j?
11
Suppose 3*l - 13*l + 110 = 0. Let x(u) = 248*u**2 - 1. Let y be x(1). Suppose -7*v + 110 + y = 0. What is the remainder when v is divided by l?
7
Suppose -12*y = -13 - 23. Suppose -y*r - 30 = -150. What is the remainder when 143 is divided by r?
23
Let n = -6921 + 6926. What is the remainder when 322 is divided by n?
2
Let f = -799 + 229. Let r = 605 + f. What is the remainder when r is divided by 17?
1
Let f = 49 - 26. Suppose 4*r - 3620 = 3*t - 0*t, 2*r - 5*t - 1810 = 0. Calculate the remainder when r/10 + (-3)/(-6) is divided by f.
22
Suppose -4*h = -4*r - 232, -34 = r - 31. Calculate the remainder when 624 is divided by h.
19
Suppose -l - 13*w + 11*w + 159 = 0, 512 = 3*l - w. Calculate the remainder when 7096 is divided by l.
167
What is the remainder when ((5/2)/(-5))/((-73)/563706) is divided by 23?
20
Let h be -1 + (-100)/(-30)*(-36)/(-15). Let s = 5 + 29. What is the remainder when s is divided by -2 - -3 - (h + -3) - -19?
2
Let i = 64 - 60. Let y(j) = j**2 - 10 + 5*j - 2 - i*j + 20*j. Calculate the remainder when 31 is divided by y(-22).
1
Suppose -250*m = -253*m - j + 98, 0 = 5*m - 3*j - 154. What is the remainder when 1501 is divided by m?
29
Let l = -28740 + 30034. What is the remainder when l is divided by 627?
40
Let h(o) = 139*o + 186. Suppose 2*d + 210 = 5*k - 2*d, 51 = 2*k + 5*d. What is the remainder when h(-1) is divided by k?
9
What is the remainder when 1559 is divided by 210/231*22 - 5?
14
Calculate the remainder when (-9033)/(-12)*91/2 - 171/1368 is divided by 33.
29
Suppose 26*w - 29*w + 891 = 0. Let j = w - 221. What is the remainder when j is divided by 9?
4
Let w = 400 - 297. Suppose 95*m = w*m - 3616. What is the remainder when m is divided by 8?
4
Let i(n) = -166*n**2 - 2*n - 80*n**3 + 165*n**2 + n. What is the remainder when i(-1) is divided by 12?
8
Suppose 5*r - 932 = 7*r. Let g = r + 655. Suppose 2*k + 2*f + g = 7*k, -5*f + 64 = 2*k. Calculate the remainder when k is divided by 10.
7
Suppose -44*y + 1247 = -y. Calculate the remainder when 226 is divided by y.
23
Let d(h) = h**3 - 14*h**2 - 14*h + 35. Suppose -65*c + 102 + 188 = -7*c. What is the remainder when d(15) is divided by c?
0
Let u = 2564 - 2549. Calculate the remainder when 203 is divided by u.
8
Suppose -46 = -2*z - 4*h, 2*z - 5*h - 85 = -3*z. Suppose 0 = 28339*f - 28355*f + 1120. Calculate the remainder when f is divided by z.
13
Suppose 57*n + 59*n = -3*n + 5355. What is the remainder when n is divided by ((-2)/(-5))/(10/250)?
5
Let d(f) = -7*f + 21. Let u be (24/40)/(2/(-20)). What is the remainder when d(u) is divided by 33?
30
Let b = 9815 - 9800. Calculate the remainder when 1174 is divided by b.
4
Let x(w) = -56*w + 307. Let s be x(5). Let h(n) be the third derivative of n**4/8 - 65*n**3/6 + 2*n**2. Calculate the remainder when 109 is divided by h(s).
13
Calculate the remainder when -6 + 9 + (-12754)/(-7) is divided by 455.
5
Let d = -17 + 37. Let i(u) = 24*u + 11. Let y be i(3). Suppose -4*f - m = -2*m - 304, -2*m - y = -f. Calculate the remainder when f is divided by d.
15
Suppose 15*i - 2499 = -2*i. Let o = i + 60. What is the remainder when o is divided by 35?
32
What is the remainder when -5 + 14 - 9 - -62 is divided by 35?
27
Let l(z) = z**3 + 3*z**2 - z. Suppose c + 13 = 2*v, -2*c + 9 = 2*v - v. Calculate the remainder when (45/(-10) + v)*(-132)/(-10) is divided by l(-2).
3
Suppose 51 = -4*u + 3*s, -33 = -0*u + 2*u - 3*s. What is the remainder when 174 is divided by 0 + (-321)/u + 24/(-36)?
34
Let t(r) = -18*r**2 + 96*r - 4. Suppose -237 + 1174 = 3*h + y, -1539 = -5*h + 4*y. Calculate the remainder when h is divided by t(5).
25
Let o(g) = -726*g + 5107. Suppose a = l - 168, 508 = -l + 4*l - 2*a. What is the remainder when l is divided by o(7)?
22
Let i(p) = -p**3 - 7*p**2 - 8*p - 15. Let y be i(-6). Let q = 65 + -24. Calculate the remainder when q is divided by (2 - 1)/(y/(-63)).
20
Let q = -8434 - -8456. Calculate the remainder when 2571 is divided by q.
19
Let q = -49 - -57. Suppose 9 = 4*n - 3, -2*p - 2*n + 12 = 0. Suppose -p*d - l = -74 + 16, -3*l = 5*d - 98. What is the remainder when d is divided by q?
3
Suppose -92 = -2*a - 14. Let s be 8 + (-4)/2 - 0/3. Suppose -s*h + 17 + 73 = 0. Calculate the remainder when a is divided by h.
9
Suppose 740*v - 733*v = 567. What is the remainder when 1228 is divided by v?
13
Suppose 3*i - 13*i = -240. Suppose -27 = -d - i. What is the remainder when 39 is divided by d?
0
Let g(c) = 3*c + 38. Let a = -2 + 9. Suppose -q + a*q = 30. What is the remainder when g(-5) is divided by q?
3
Suppose -3*i + b + 103 = 0, b - 3 = i - 38. Calculate the remainder when 610 is divided by i.
32
Let d = -1879 + 1919. Suppose i - 7 = 7. Calculate the remainder when d is divided by i.
12
Suppose 3*n - 1842 = 5*g, 3*g + 1394 + 1692 = 5*n. What is the remainder when n is divided by 137?
71
Calculate the remainder when 315 is divided by (9/(-3) - (-88 - -4)) + (0 - 0).
72
Let j be (-21)/(-49)*(-7)/(-1). Suppose 0 = -j*n - 56 - 19. What is the remainder when 98 is divided by n/(-4)*1*(3 - -1)?
23
Suppose -9*u + 143 = 4*u. Let s(o) = 3*o**2 - 16*o - 44. What is the remainder when s(u) is divided by 38?
29
Let z = 44400 + -41541. What is the remainder when z is divided by 36?
15
Let t = 4508 - 4134. Calculate the remainder when t is divided by 15.
14
Suppose x - 467 - 168 = -4*c, -483 = -3*c - 3*x. Suppose 0 = 8*g + 19*g - 2187. Calculate the remainder when c is divided by g.
77
Suppose 25*u - 30*u + 1030 = 0. What is the remainder when u is divided by 10?
6
Suppose 0 = -t - 2*z + 8, 4*t - 3*z = 28 + 59. Suppose 33*h - 7580 + 5072 = 0. What is the remainder when h is divided by t?
4
Let o(x) = x**2 + x + 38. Suppose -105*z - 196 = -98*z. Let g = z + 35. What is the remainder when o(0) is divided by g?
3
Suppose r + 33 = 107. Let y = r + 95. What is the remainder when y is divided by 29?
24
Let l = -200 + 203. Suppose 174 = l*h - 36. Calculate the remainder when 137 is divided by h.
67
Suppose 453*c + 2*k - 246 = 451*c, -2*c + 246 = -3*k. Let n = 61 - 16. Calculate the remainder when c is divided by n.
33
Suppose 0 = 1535*n - 1562*n + 4536. Calculate the remainder when 6215 is divided by n.
167
Suppose 2*a - 28 = -i, 5*i + 5*a = -48 + 178. Suppose 5*s - 702 + 498 = -2*q, 0 = 5*q - 5*s - 440. Calculate the remainder when q is divided by i.
20
Let x = -5 - -10. Suppose -2*l + 8 = -t - 0*l, 0 = -t - 3*l - 18. Let s(v) = v + 26. What is the remainder when s(t) is divided by x?
4
Suppose -607 + 172 = -15*h. Let a(y) = y**2 - 21*y - 153. What is the remainder when a(h) is divided by 53?
26
What is the remainder when 10198 is divided by -23 - -23 - 1/((-1)/136)?
134
Let i(k) = k**3 + 16*k**2 - 1225*k - 51. Calculate the remainder when i(28) is divided by 38.
31
Let a = -10066 - -10503. What is the remainder when a is divided by 209?
19
Suppose -4*w + 5*w - 86 = 24. Calculate the remainder when w is divided by 36.
2
Let f(r) = r**2. Let l be f(2). Suppose 12*h = -35*h. Suppose s = -2*u - 2 - h, s - l*u = 28. What is the remainder when 31 is divided by s?
7
Let a(m) = -2*m**2 - 88*m + 147. Calculate the remainder when a(-37) is divided by 223.
219
Suppose 0 = -p + 3*p. Suppose 0 = -0*z + 5*z - p*z. Suppose r + 4*a = 10, 5*r + z*a = -3*a + 101. Calculate the remainder when 39 is divided by r.
17
Let k(s) = 6*s**2 - 14*s + 52. Let v be k(9). Let z = v - 335. What is the remainder when z is divided by 22?
11
Let s(g) = -3*g + 4. Let c be s(-5). Suppose 2*m = j + c, 6*m - j = 3*m + 26. Calculate the remainder when (-10176)/(-384) - ((-5)/(-2) + -1) is divided by m.
4
Let 